n - g = -2985, 3*g = -n - n + 1505. Is n a prime number?
False
Suppose 0 = -3*p - 0 + 9. Suppose 3*d - 341 = -4*o, -190 = -5*o - p*d + 240. Is o composite?
False
Suppose -l = -5*r + r - 707, -704 = -l + r. Is l prime?
False
Let c(y) = 68*y**2 - 6*y - 3 + 2 - 65*y**2. Let j(l) = -3*l**2 + 3*l. Let r be j(2). Is c(r) prime?
False
Let q(v) = v**2 + 3*v + 1. Let g be q(-4). Suppose 10 = 3*f + 2*r, 0 = -f - g*r + 2*r + 8. Suppose -9 = f*o - 103. Is o a composite number?
False
Let a(l) = l**3 - 12*l**2 + 12*l - 9. Let p be a(11). Let t = -7 - -13. Let g = t - p. Is g composite?
True
Suppose 3*p + l - 151 = 0, -3*p + 116 = 5*l - 27. Let y = 118 - p. Is y a composite number?
False
Let f = -7 + -15. Let h = f - -46. Let m = h + 61. Is m composite?
True
Let i(j) = -5*j - 7. Is i(-4) composite?
False
Let k(d) = -d**3 - 17*d**2 + 9*d. Is k(-19) composite?
True
Let w(l) = 31*l**2 - 3*l + 6. Let u be w(-6). Let v be (-2)/9 + u/27. Suppose -2*b - i = -2*i - v, 5*b = 3*i + 107. Is b prime?
True
Let s be 1 - (1 - 0/(-3)). Suppose -147 = -s*d - 3*d. Is d prime?
False
Suppose 3*j + 4*n - 1412 = 0, 3*j + 0*n - 3*n = 1377. Let r = 649 - j. Is r a prime number?
False
Let t = -271 - -398. Is t composite?
False
Suppose -d + 5*d - 76 = 0. Suppose -j = 5*p - 253, 5*p + 4*j = -d + 266. Is p a prime number?
False
Suppose 4*g = -3*c + 4670, 0 = -3*g + 6*c - c + 3517. Is g prime?
False
Let h(q) = 8*q**3 - 2*q**2 + 3*q - 2. Let u be h(-3). Let z(d) = d**2 + 24*d + 12. Let j be z(-6). Let s = j - u. Is s prime?
True
Let u(t) = 6*t + 1. Let n(v) = -3*v - 3. Let a be n(-2). Let w(r) = 2*r + 2. Let m be w(a). Is u(m) a composite number?
True
Let f be ((-3)/(-9))/(2/(-30)). Let x be (f/(-10))/(2/(-136)). Let o = 33 - x. Is o prime?
True
Let g(q) = -q**3 + 11*q**2 - 7*q + 2. Is g(7) composite?
False
Let w(m) = -m**3 + 2*m**2 - 6*m + 6. Let t = 8 + -13. Is w(t) prime?
True
Suppose y - 3*y = 4. Let u = 48 + y. Is u composite?
True
Let s(u) = u - 3. Let n(c) = -c - 1. Let r(j) = 2*n(j) + s(j). Let z be r(-3). Is 6/(-5)*(z - 3) a prime number?
False
Let k(v) = 13*v**2 - v - 2. Let j be k(3). Is j - (2 + 1 + -4) prime?
True
Let o(l) = -2 + 7*l + 1 - 3. Let u be o(-3). Let i = 38 + u. Is i a composite number?
False
Let o = 196 + -117. Is o prime?
True
Let c = -34 + 329. Is c a prime number?
False
Is (638/(-6) + (-10 - -14))*-3 prime?
True
Is (0 + -1)/(-3 + (-2816)/(-939)) a composite number?
True
Let v(n) = -3*n**3 + 2*n**2 + 4*n - 2. Let o be v(-4). Suppose 3*c - 31 - o = 0. Is c a prime number?
True
Is ((-986)/(-4) - -4) + (-3)/(-6) prime?
True
Let k = 2875 - 354. Is k a prime number?
True
Is (-4 + (-47)/(-3))*3 a prime number?
False
Let u(w) = 10*w - 1. Suppose n - 4 = -3*z, 0*n + 20 = 5*n + 5*z. Is u(n) a prime number?
False
Let c = -1878 - -3501. Is c prime?
False
Is (-402)/5*(-15)/6 prime?
False
Let u(r) = r**3 + 15*r**2 - 4*r - 7. Is u(-7) a composite number?
True
Suppose j = -2*j + 5*t - 9, -4*j + 3*t = 1. Suppose 0*o + 48 = -j*o. Let s = 29 - o. Is s prime?
True
Is (9498/24)/(2/8) a composite number?
False
Suppose 2*v - 5216 = -3*o + 3131, -2*v - 4*o + 8350 = 0. Is v composite?
True
Let q = 1726 + 115. Is q a composite number?
True
Let p = -10 + 10. Let i(g) = g**3 + g**2 + 133. Is i(p) prime?
False
Suppose 0 = -4*k + 54 + 10. Let s = 35 - k. Is s prime?
True
Let k(p) be the third derivative of p**5/30 - 3*p**4/8 - 5*p**3/3 + 4*p**2. Is k(7) prime?
False
Suppose -p + 73 = -0. Suppose 723 = 5*t + 83. Let x = t - p. Is x composite?
True
Let t = -15 + 50. Let x = -63 + t. Let h = x - -63. Is h composite?
True
Let g = 37 + 40. Is g prime?
False
Let x be 1 + 1 - (22 - 4). Let i = -51 - x. Let p = -4 - i. Is p composite?
False
Suppose -5*q + 5*u = -2665, -5*q + 1082 = -3*q + 2*u. Is q a composite number?
True
Suppose 2*p - 4*i - 748 = i, 4*p - 1526 = -5*i. Is p a prime number?
True
Suppose q = 3*q - 2118. Suppose -k - q = -4*k. Is k a prime number?
True
Let k(i) = 4*i**2 + i**2 + 1 - 2 - 1 + i**3. Let a be k(-4). Is 430/a - (-4)/14 prime?
True
Suppose 301 = 4*p - 1239. Let v = -40 + p. Suppose -7*s + v = -2*s. Is s composite?
True
Is -2*(0 + 0 - 6064/32) a prime number?
True
Let z(o) = -63*o - 14. Let p be z(-11). Suppose 5*w + x = 5*x + 1126, 3*w - p = -x. Is w a composite number?
True
Suppose 4*f - 10 = -3*y, 3 = f + 4*y - 3*y. Let s(d) = -d + 1. Let c be s(f). Suppose -4*x + 19 = r - 69, -5*x - 2*r + 110 = c. Is x a prime number?
False
Is 520/60*(-39)/(-2) prime?
False
Let a be (-6)/4*(-20)/15. Suppose 0 = a*c - 8. Suppose -t + 105 = c*t. Is t composite?
True
Let s = 109 - 46. Suppose l - 4*l + s = 2*c, 0 = -2*c - 5*l + 53. Is c a composite number?
True
Suppose -s + 106 = s. Is s a prime number?
True
Suppose 8 = 4*j - 4*g, -j = j + 5*g - 11. Suppose 8*b = j*b + 155. Is b a composite number?
False
Suppose -4*b - 5 = -0*t + 5*t, -t + 5*b = 30. Let j be 2 + t/(15/153). Let k = 86 + j. Is k composite?
False
Suppose -5*h - 48 = -3*h. Let j be h/(2/(-4) - 1). Suppose -2*a = -2*b - 4*a + 36, -j = 4*a. Is b a composite number?
True
Suppose 2*o = -o - 3*p + 603, -4*o = 3*p - 806. Is o prime?
False
Let n(d) = 2*d - 1. Let q be n(3). Let h(p) = -2*p + 5. Let s be h(q). Let j = 14 - s. Is j composite?
False
Let p(n) = -2*n - 9. Let s be p(-6). Is ((-326)/s)/((-4)/6) composite?
False
Let a = -14 + 17. Suppose -p + 124 = a*p. Is p composite?
False
Suppose 19 = -0*h + h. Let f = 0 + h. Is f prime?
True
Let t(f) = f**2 + 29. Is t(8) a composite number?
True
Let p(l) = -133*l - 11. Is p(-6) a composite number?
False
Let a(g) = -g**3 + 6*g**2 - 4*g - 3. Let j be a(5). Suppose 6 = 5*n - j*n. Is n*(63/6 + -1) composite?
False
Let g = 5469 - 3190. Let f = 3358 - g. Suppose 4*l - 14 = -6, 3*l = 5*q - f. Is q composite?
True
Let s(p) = p**2 + 2*p - 1. Let u be s(-3). Let h = 1 - u. Is 14/h*5/(-2) prime?
False
Let o(n) = n - 2. Let y be o(2). Let j(k) = -2*k + k**2 + 3*k**2 + y*k + 0*k - 2 + k**3. Is j(-4) a composite number?
True
Let r(b) = -b**3 - b**2 + 5*b - 7. Let i be r(-5). Suppose -t - 47 = -2*t + 5*f, -2*t - 3*f + i = 0. Is t prime?
True
Suppose -2*h + 5*h - 2*n - 824 = 0, 5*n = -4*h + 1114. Let k = h - 127. Is k prime?
True
Let o(l) = 384*l**2 + 5*l - 3. Is o(2) prime?
True
Let h be ((-1674)/15)/(4/(-10)). Suppose h = 3*s - 222. Is s composite?
False
Let l be (1 + 12/(-9))*-18. Let h be l/((6/4)/(-1)). Is 222/h*(-2)/3 a prime number?
True
Let i(w) = -16*w**2 + 6*w - 7. Let d be i(5). Let z = 66 - d. Is z a composite number?
False
Let b = -17 - -9. Let m(r) = -2*r**2 - 10*r + 5. Let i be m(b). Let p = -20 - i. Is p a composite number?
False
Let z be 9*2*(-2)/(-12). Suppose -z*c = -c + 2. Is ((-153)/(-4) - c)*4 composite?
False
Let a be (2 - (-5)/(-2))*-4. Let r = a - -2. Suppose -4*x - k + 86 = 0, -r*k - 78 = -4*x - k. Is x a prime number?
False
Suppose -3*p = 3 + 12, -3*p = -4*u + 51. Suppose -5*m = -3*b - 41, -2*m = 3*b - u + 1. Let r = m + -4. Is r a prime number?
True
Let p(f) = -f + 9. Let v be p(4). Suppose 4*n - v*u + 17 = -14, 4*n - 4*u + 28 = 0. Is 58*1/n*-10 prime?
False
Let c(v) = 2*v**3 - 11*v**2 + 2*v + 11. Is c(8) a prime number?
True
Suppose 2*f = f + 181. Is f a prime number?
True
Let v = -112 - -169. Let m be -10*v/(-6) - 1. Suppose 47 + m = 3*o. Is o prime?
True
Suppose -n + 5*r + 7349 = 0, -r - 29472 = 8*n - 12*n. Is n prime?
True
Let f(r) = r**3 + 6*r**2 - 9*r + 8. Suppose 3*j + 18 = -3. Let z be f(j). Suppose 5*c + 20 = g, 2*g - z = 4*c + 24. Is g a composite number?
True
Let w(d) = 28*d**2 + 14*d - 9. Let s(n) = 42*n**2 + 21*n - 13. Let f(i) = -5*s(i) + 7*w(i). Let v(q) be the first derivative of f(q). Is v(-5) composite?
True
Is (-12224)/(-48)*6/4 a prime number?
False
Suppose 3*q + 1618 = -0*x + 5*x, 8 = 2*q. Suppose n - x = -n. Is n a composite number?
False
Let r = -52 + 27. Let p be (0 - 1)/(1/(-12)). Let z = p - r. Is z composite?
False
Suppose r = -r + 50. Suppose 5*h = 3*x + r, -4*x - 37 = -2*h - 13. Is (h - -5)/(1/2) composite?
True
Suppose -7*k = -2*k - 10. Suppose k*d = 6*d. Suppose -2*i - 2*i = 2*j - 110, d = -5*j - 2*i + 251. Is j prime?
False
Let c = -83 - -165. Is c a prime number?
False
Let f(u) = u - 8. Let c be f(7). Let z be 3 - (c + 0)*-1. Suppose -h + 3*j = -143, 0*j = -2*h + z*j + 270. Is h a composite number?
False
Let u = 6 - 2. Suppose 10 = -u